the units digit of y?
6
Let n = 2704 - -922. What is the units digit of n?
6
Suppose -5*f = 2*b - 100, 3*f + 9 - 69 = -4*b. Suppose 0*v = 3*v - 12. Let a = v + f. What is the tens digit of a?
2
Let q = 12 - 7. Suppose -3*g = -w - 2*g + 9, 0 = 2*g. Suppose -w*x = -q*x - 100. What is the units digit of x?
5
Let h(x) = x + 11. Let l be h(5). Let c = -13 + l. What is the tens digit of 3 - 22/(1 - c)?
1
Let m(r) = r + 8. Let z = 208 + -110. Let y be 5/2*z/35. What is the tens digit of m(y)?
1
What is the tens digit of (5960/56 - 7)*21?
8
Suppose 113*i - 2061 = 104*i. What is the units digit of i?
9
What is the hundreds digit of 994 - (44/(-8) - 1/2)?
0
Let w(g) = -g**3 - 5*g**2 - 171. What is the hundreds digit of w(-16)?
6
Suppose -2*o + 6 - 2 = 0. Let g be o/4*0/1. Suppose -n + 14 - 2 = g. What is the tens digit of n?
1
Let k be (-1 + 0)/((-8)/592). Suppose 5*c = 5*z + 260, -k = 4*c + 3*z - 282. Suppose 3*p - 8 = c. What is the tens digit of p?
2
Suppose 4*m - 270 = -6*b + 3*b, 15 = 5*m. What is the tens digit of b?
8
Let s(g) = -g**2 - 12*g + 8. Let k be s(-9). Let h = 15 + k. What is the tens digit of h?
5
Let a(q) = -q**3 - 14*q**2 + 15*q + 2. Let r be a(-15). Let x(l) = 11 - 4 - r*l + 3*l. What is the units digit of x(4)?
1
Suppose 4*i - 19 = 57. Suppose -25*y + 1326 = -i*y. What is the hundreds digit of y?
2
Suppose 3 - 9 = -2*v. Suppose v*l - l = 0. Suppose 0 = 5*b - l*b - 55. What is the units digit of b?
1
Suppose 4*a - 3*b - 1941 = 0, -18*a + 4*b = -21*a + 1437. What is the hundreds digit of a?
4
Suppose -3*r - 2*j = -15, 3*r = 2*j - 5*j + 18. Suppose -2*d + 212 = 82. Suppose r*s = 4*q + d, -s + q = -q - 21. What is the tens digit of s?
2
Suppose 0 = 3*z - 2*z. What is the tens digit of z - (-5)/(15/84)?
2
Let k(o) = 7*o**2 + 6. Let g be k(-5). Suppose -4*u + 91 = -g. Let a = u - 46. What is the tens digit of a?
2
Suppose 4*n + 2 = 2*i - 2, -4*n = -4*i + 12. Suppose -3*c + 833 = i*v, -v = 4*v + 4*c - 1042. What is the units digit of v?
6
Let z = 27 - 22. Suppose -z*v + 556 = w, 5*v = -4*w - 0*w + 544. What is the hundreds digit of v?
1
Let f(u) = 2*u + 7. Let d be f(-2). What is the tens digit of d - 3 - (-93 + 1)?
9
Let y be 3/9*(9 + 0). Suppose 0*q = y*q + 27. Let w(k) = k**3 + 8*k**2 - 9*k + 9. What is the units digit of w(q)?
9
Let v(r) = 570*r**2 - 36*r - 70. What is the hundreds digit of v(-2)?
2
Let n = -455 - -791. What is the units digit of n?
6
Let f(k) = -k**3 + 15*k**2 + 2*k - 10. Suppose -l = 2*l - 45. Let w be f(l). What is the tens digit of (85/w)/(1/4)?
1
Let z be -25*-4*(-5)/20. What is the units digit of 30*z/(-10) - 4?
1
Let w(b) = -b - 9. Let h be w(-9). Suppose h*a + 3*a - 144 = 0. What is the tens digit of a?
4
Let n(t) = -1339*t - 16. What is the hundreds digit of n(-1)?
3
Let p = 35 - 31. Suppose 2*l + 34 = p*l. What is the units digit of l?
7
Suppose -5*d = -0*j + 3*j + 58, 3*d + 2*j = -34. Let t be (21/d)/(6/(-8)). What is the tens digit of (6/4 - t)*-86?
4
Suppose -22*v = 13*v - 4025. What is the units digit of v?
5
Suppose -5*y = -5*x + 4465, 4*y = -3*x + 368 + 2290. Suppose 30*c = 25*c + x. What is the units digit of c?
8
Let g(l) = 13*l - 25. Let p be g(-19). What is the tens digit of 5*(p/(-20) - 0)?
6
Let n(z) = z**2 - 12*z - 8. Let i be (-5)/(-25) - (-256)/20. Let t be n(i). Suppose -t*o = -7*o + 114. What is the tens digit of o?
5
Let w(p) be the second derivative of 23*p**7/840 + p**5/120 - p**4/24 + p**3 - 6*p. Let u(d) be the second derivative of w(d). What is the tens digit of u(1)?
2
Suppose 0 = g - 4*t - 12 - 11, 27 = 4*g - 3*t. What is the units digit of (g + -1)*-6*(-20)/15?
6
Let w = -1428 - -2590. What is the thousands digit of w?
1
Let c be (0 - -1)/(1/2 + 0). Suppose 4*y = c*y + 4*q + 322, 5*y = -4*q + 777. What is the units digit of y?
7
What is the hundreds digit of (437/(-38))/(1/(-36))?
4
Let p(a) = 4*a**2 + 5*a + 1. Let j be p(-2). Let u(g) = 2*g**2 - 8*g - 13. What is the tens digit of u(j)?
2
What is the units digit of 6/2*33012/54?
4
Let d(s) = s**2 + 14*s - 22*s + 5*s - 1 - 10. What is the tens digit of d(-6)?
4
Let r(k) = -43*k**2 - k. Let t be r(-1). Let q(z) = 3*z + 2. Let i be q(-7). Let s = i - t. What is the units digit of s?
3
What is the tens digit of 1777 + 0 + 3 + (-8 - 1)?
7
Let k(r) = 3*r - 12. Suppose -p = 5*w - 43, 7 = 4*w + 5*p - 40. Suppose -i = -2*i + w. What is the tens digit of k(i)?
1
Suppose 0 = 5*q + 4*c - 2, 2 = -q - 2*c - 0*c. What is the units digit of (4/(-12))/(q/(-6))*31?
1
Let v(z) = -73*z + 9. Let o be v(-3). Suppose 2*d - o = -d. What is the tens digit of d?
7
Let z = -35 + 37. Suppose -70 = -4*j + 2*h, 0*h + z*h = -10. What is the units digit of j?
5
Suppose v + 160 = 5*n - 518, 0 = -5*n + 4*v + 687. What is the hundreds digit of n?
1
Let a = 10 - 23. Suppose q - 43 = -5. Let y = q + a. What is the tens digit of y?
2
Let w be ((1 + -2)*87)/(-1). Let g = -44 + w. What is the tens digit of g?
4
Let t(y) = y - 6. Let l be t(8). Suppose l*w - w = 80. What is the tens digit of w?
8
What is the units digit of 288/(-108)*(-182 + -1)?
8
Let p(f) = f**3 + 9*f**2 - 9*f + 14. Suppose -4*l + 3*l = 10. What is the units digit of p(l)?
4
Suppose 3*z + 24 = 7*z. Suppose z*b = b + 20. What is the units digit of b?
4
Suppose 1 = -3*g - 2*a, -g - 3*a - 14 + 2 = 0. Let j be (g/6)/((-2)/(-24)). Suppose -j*x + 85 = -83. What is the tens digit of x?
2
What is the units digit of ((-16086)/4)/7*(-24)/18?
6
Let f(m) = 2*m - 5. Let x be f(5). Suppose y = -x*b + 10, y - 3*b + 20 = 3*y. Suppose -3*o - 343 = -y*o. What is the units digit of o?
9
Suppose -2*n + 3*d + 8789 = 0, 3*n - d = -1370 + 14564. What is the thousands digit of n?
4
Suppose 38 = -4*l - 26. What is the units digit of 3 - -1 - l - 3?
7
Let i(p) = 18*p**3 + p**2 + p - 1. Let d = -16 - -18. Suppose -5*z - 25 = 0, d*s - 7 = 3*z - 2*z. What is the tens digit of i(s)?
1
Suppose 4*r = -2*c + 428, 2*c + r + 670 = 5*c. Let a = c + -86. What is the hundreds digit of a?
1
Let w = 0 + 2. Let n(s) = 21*s**2 - 2*s. Let b be n(w). Suppose 4*o = -4*c + b, 3 = -2*c + 1. What is the units digit of o?
1
Let i(r) = -r**2 - 3*r + 11. Let u be i(-5). Let t be (u - 6)*(-3)/5. Suppose t*x - 204 = -3*x. What is the units digit of x?
4
Let i(s) = 16*s**3 + s**2 + s - 1. Let g be i(1). Let y = g - 45. Let h = -13 - y. What is the units digit of h?
5
Let k be 28*((-5)/(-2) + 3). What is the hundreds digit of (-30)/(-9) + (-10)/(-15) + k?
1
Let r = -2317 - -3505. What is the tens digit of r?
8
Let v(s) = 2*s**3 - 16*s**2 + 18*s + 23. What is the thousands digit of v(12)?
1
Suppose 3*q = -41 + 56. Suppose -47 = -2*a + 89. Suppose c = -3*z + 28, -q*z + 0*z = -c + a. What is the tens digit of c?
4
Let x(s) = 15*s**2 - 2*s + 1. Let c(d) = -d**2 + 7*d - 2. Let u be c(7). What is the units digit of x(u)?
5
Suppose -5*a + 2*a - 15 = 0. Suppose -160 = 4*c + 36*c. What is the tens digit of 55 - (a - (1 + c))?
5
Suppose -c - 8 + 89 = 0. Let k = c - 43. What is the tens digit of k?
3
Suppose w - 4 = -5. Let t be w/(-2) - (-18)/4. Suppose t*r - 132 = -17. What is the tens digit of r?
2
Let v(u) be the third derivative of u**5/60 - u**4/2 + 3*u**3 + 21*u**2. Suppose 24 = 3*a - 12. What is the units digit of v(a)?
8
Let r(a) = a**3 - 8*a**2 + 12*a + 1. Let t be r(9). Let z = -87 + t. What is the units digit of z?
3
What is the tens digit of (2/8)/((-2)/(-12178 - -2))?
2
Suppose -3*c = -5*k + 68, 2*c - c - 3*k = -28. Let o(d) = d**2 + 15*d + 2. What is the units digit of o(c)?
8
What is the tens digit of (-3)/(-5) + (-471)/(-15)?
3
What is the hundreds digit of (-90)/120*(-8)/6 + 806?
8
Suppose -15 = -5*a, -3*c + 7*c = 4*a + 1136. Suppose b - 1 = 0, -3*w + 5*b = 28 - c. Suppose 2*d + 3*k = w, k - 92 = -2*d - 3*k. What is the units digit of d?
8
Let g(u) = 485*u - 51. What is the units digit of g(10)?
9
Suppose -3*j - 4 = -4*c, -5*j + 40 = c + 4*c. Suppose -j = -y - y. Suppose 3*i - 33 = 3*o, -y*o = 3*i - 15 - 3. What is the units digit of i?
8
Let s(n) = 2*n**2 - 13*n - 20. Suppose -37 = -i - 2*v, 5*v + 1 + 50 = i. Suppose 4*o - i = -p, -4*p = 3*o - 21 - 13. What is the tens digit of s(o)?
5
What is the hundreds digit of (-353528)/(-70) + 2/(-5) + -4?
0
Suppose 0 = -3*o - 2*c + 2114, -5*c - 228 = 2*o - 1630. What is the hundreds digit of o?
7
Suppose